{"id":199,"date":"2026-02-13T15:14:56","date_gmt":"2026-02-13T15:14:56","guid":{"rendered":"https:\/\/ellepi-informatica.it\/?page_id=199"},"modified":"2026-02-13T15:17:15","modified_gmt":"2026-02-13T15:17:15","slug":"centralino-virtuale","status":"publish","type":"page","link":"https:\/\/ellepi-informatica.it\/index.php\/centralino-virtuale\/","title":{"rendered":"CENTRALINO VIRTUALE"},"content":{"rendered":"\t\t<div data-elementor-type=\"wp-page\" data-elementor-id=\"199\" class=\"elementor elementor-199\" data-elementor-post-type=\"page\">\n\t\t\t\t<div class=\"elementor-element elementor-element-ce239b0 e-flex e-con-boxed e-con e-parent\" data-id=\"ce239b0\" data-element_type=\"container\" data-e-type=\"container\">\n\t\t\t\t\t<div class=\"e-con-inner\">\n\t\t\t\t<div class=\"elementor-element elementor-element-4cd5f03 elementor-widget elementor-widget-heading\" data-id=\"4cd5f03\" data-element_type=\"widget\" data-e-type=\"widget\" data-widget_type=\"heading.default\">\n\t\t\t\t\t<h2 class=\"elementor-heading-title elementor-size-default\">La tecnologia cloud <bR>\nche rivoluziona il tuo lavoro<\/h2>\t\t\t\t<\/div>\n\t\t\t\t<div class=\"elementor-element elementor-element-df2019d elementor-widget elementor-widget-text-editor\" data-id=\"df2019d\" data-element_type=\"widget\" data-e-type=\"widget\" data-widget_type=\"text-editor.default\">\n\t\t\t\t\t\t\t\t\t<p>La tecnologia cloud utilizza la connessione internet per funzionare e ti permette di aumentare considerevolmente la flessibilit\u00e0 del tuo lavoro.<br \/>Non sei pi\u00f9 vincolato alle linee tradizionali n\u00e9 ad un sistema telefonico che ti costringe a lavorare esclusivamente dalla tua sede.<br \/>Grazie al nostro centralino cloud, infatti, i tuoi operatori posso lavorare da qualsiasi luogo in cui sia presente una connessione Internet.<br \/>Inoltre, l&#8217;ampia gamma di\u00a0<a href=\"https:\/\/www.nwpbx.it\/funzionalita-nwpbx-cloud-centralino-virtuale-cloud.html\" target=\"_blank\" rel=\"noopener\"><strong>funzionalit\u00e0<\/strong><\/a>\u00a0gi\u00e0 incluse nel nostro sistema, ti consentono di soddisfare facilmente tutte le tue esigenze lavorative.<\/p>\t\t\t\t\t\t\t\t<\/div>\n\t\t\t\t\t<\/div>\n\t\t\t\t<\/div>\n\t\t<div class=\"elementor-element elementor-element-6bcf2eb0 e-flex e-con-boxed e-con e-parent\" data-id=\"6bcf2eb0\" data-element_type=\"container\" data-e-type=\"container\">\n\t\t\t\t\t<div class=\"e-con-inner\">\n\t\t<div class=\"elementor-element elementor-element-71330d4f e-con-full e-flex e-con e-child\" data-id=\"71330d4f\" data-element_type=\"container\" data-e-type=\"container\">\n\t\t\t\t<div class=\"elementor-element elementor-element-7e7184b2 elementor-cta--skin-classic elementor-animated-content elementor-bg-transform elementor-bg-transform-zoom-in elementor-widget elementor-widget-call-to-action\" data-id=\"7e7184b2\" data-element_type=\"widget\" data-e-type=\"widget\" data-widget_type=\"call-to-action.default\">\n\t\t\t\t\t\t\t<div class=\"elementor-cta\">\n\t\t\t\t\t<div class=\"elementor-cta__bg-wrapper\">\n\t\t\t\t<div class=\"elementor-cta__bg elementor-bg\" style=\"background-image: url(https:\/\/ellepi-informatica.it\/wp-content\/uploads\/2026\/02\/pexels-sliceisop-2529185-819x1024.jpg);\" role=\"img\" aria-label=\"pexels-sliceisop-2529185\"><\/div>\n\t\t\t\t<div class=\"elementor-cta__bg-overlay\"><\/div>\n\t\t\t<\/div>\n\t\t\t\t\t\t\t<div class=\"elementor-cta__content\">\n\t\t\t\t\n\t\t\t\t\t\t\t\t\t<h2 class=\"elementor-cta__title elementor-cta__content-item elementor-content-item\">\n\t\t\t\t\t\tUnisce aziende multisede\t\t\t\t\t<\/h2>\n\t\t\t\t\n\t\t\t\t\t\t\t\t\t<div class=\"elementor-cta__description elementor-cta__content-item elementor-content-item\">\n\t\t\t\t\t\tSe hai un'azienda multisede puoi velocizzare e razionalizzare le tue comunicazioni effettuando e ricevendo telefonate dalle tue sedi esterne come se i tuoi colleghi fossero nella tua stessa struttura. \t\t\t\t\t<\/div>\n\t\t\t\t\n\t\t\t\t\t\t\t\t\t<div class=\"elementor-cta__button-wrapper elementor-cta__content-item elementor-content-item \">\n\t\t\t\t\t<a class=\"elementor-cta__button elementor-button elementor-size-\" href=\"https:\/\/ellepi-informatica.it\/index.php\/contatti\/\">\n\t\t\t\t\t\tCONTATTACI\t\t\t\t\t<\/a>\n\t\t\t\t\t<\/div>\n\t\t\t\t\t\t\t<\/div>\n\t\t\t\t\t\t<\/div>\n\t\t\t\t\t\t<\/div>\n\t\t\t\t<\/div>\n\t\t<div class=\"elementor-element elementor-element-2144a669 e-con-full e-flex e-con e-child\" data-id=\"2144a669\" data-element_type=\"container\" data-e-type=\"container\">\n\t\t\t\t<div class=\"elementor-element elementor-element-3a1652ba elementor-cta--skin-classic elementor-animated-content elementor-bg-transform elementor-bg-transform-zoom-in elementor-widget elementor-widget-call-to-action\" data-id=\"3a1652ba\" data-element_type=\"widget\" data-e-type=\"widget\" data-widget_type=\"call-to-action.default\">\n\t\t\t\t\t\t\t<div class=\"elementor-cta\">\n\t\t\t\t\t<div class=\"elementor-cta__bg-wrapper\">\n\t\t\t\t<div class=\"elementor-cta__bg elementor-bg\" style=\"background-image: url(https:\/\/ellepi-informatica.it\/wp-content\/uploads\/2026\/02\/pexels-olly-3783102-1024x683.jpg);\" role=\"img\" aria-label=\"pexels-olly-3783102\"><\/div>\n\t\t\t\t<div class=\"elementor-cta__bg-overlay\"><\/div>\n\t\t\t<\/div>\n\t\t\t\t\t\t\t<div class=\"elementor-cta__content\">\n\t\t\t\t\n\t\t\t\t\t\t\t\t\t<h2 class=\"elementor-cta__title elementor-cta__content-item elementor-content-item\">\n\t\t\t\t\t\tInterno su PC o Cellulare\t\t\t\t\t<\/h2>\n\t\t\t\t\n\t\t\t\t\t\t\t\t\t<div class=\"elementor-cta__description elementor-cta__content-item elementor-content-item\">\n\t\t\t\t\t\tPuoi utilizzare il tuo interno dell'ufficio anche su dispositivi mobili come smartphone, tablet e notebook\t\t\t\t\t<\/div>\n\t\t\t\t\n\t\t\t\t\t\t\t\t\t<div class=\"elementor-cta__button-wrapper elementor-cta__content-item elementor-content-item \">\n\t\t\t\t\t<a class=\"elementor-cta__button elementor-button elementor-size-\" href=\"https:\/\/ellepi-informatica.it\/index.php\/contatti\/\">\n\t\t\t\t\t\tCONTATTACI\t\t\t\t\t<\/a>\n\t\t\t\t\t<\/div>\n\t\t\t\t\t\t\t<\/div>\n\t\t\t\t\t\t<\/div>\n\t\t\t\t\t\t<\/div>\n\t\t\t\t<\/div>\n\t\t\t\t\t<\/div>\n\t\t\t\t<\/div>\n\t\t\t\t<\/div>\n\t\t","protected":false},"excerpt":{"rendered":"<p>La tecnologia cloud che rivoluziona il tuo lavoro La tecnologia cloud utilizza la connessione internet per funzionare e ti permette di aumentare considerevolmente la flessibilit\u00e0 del tuo lavoro.Non sei pi\u00f9 vincolato alle linee tradizionali n\u00e9 ad un sistema telefonico che ti costringe a lavorare esclusivamente dalla tua sede.Grazie al nostro centralino cloud, infatti, i tuoi [&hellip;]<\/p>\n","protected":false},"author":1,"featured_media":0,"parent":0,"menu_order":0,"comment_status":"closed","ping_status":"closed","template":"","meta":{"footnotes":""},"class_list":["post-199","page","type-page","status-publish","hentry"],"yoast_head":"<!-- This site is optimized with the Yoast SEO plugin v26.9 - https:\/\/yoast.com\/product\/yoast-seo-wordpress\/ -->\n<title>CENTRALINO VIRTUALE - ELLEPI INFORMATICA - IL TUO PARTNER INFORMATICO<\/title>\n<meta name=\"robots\" content=\"index, follow, max-snippet:-1, max-image-preview:large, max-video-preview:-1\" \/>\n<link rel=\"canonical\" href=\"https:\/\/ellepi-informatica.it\/index.php\/centralino-virtuale\/\" \/>\n<meta property=\"og:locale\" content=\"it_IT\" \/>\n<meta property=\"og:type\" content=\"article\" \/>\n<meta property=\"og:title\" content=\"CENTRALINO VIRTUALE - ELLEPI INFORMATICA - IL TUO PARTNER INFORMATICO\" \/>\n<meta property=\"og:description\" content=\"La tecnologia cloud che rivoluziona il tuo lavoro La tecnologia cloud utilizza la connessione internet per funzionare e ti permette di aumentare considerevolmente la flessibilit\u00e0 del tuo lavoro.Non sei pi\u00f9 vincolato alle linee tradizionali n\u00e9 ad un sistema telefonico che ti costringe a lavorare esclusivamente dalla tua sede.Grazie al nostro centralino cloud, infatti, i tuoi [&hellip;]\" \/>\n<meta property=\"og:url\" content=\"https:\/\/ellepi-informatica.it\/index.php\/centralino-virtuale\/\" \/>\n<meta property=\"og:site_name\" content=\"ELLEPI INFORMATICA - IL TUO PARTNER INFORMATICO\" \/>\n<meta property=\"article:modified_time\" content=\"2026-02-13T15:17:15+00:00\" \/>\n<meta name=\"twitter:card\" content=\"summary_large_image\" \/>\n<meta name=\"twitter:label1\" content=\"Tempo di lettura stimato\" \/>\n\t<meta name=\"twitter:data1\" content=\"1 minuto\" \/>\n<script type=\"application\/ld+json\" class=\"yoast-schema-graph\">{\"@context\":\"https:\/\/schema.org\",\"@graph\":[{\"@type\":\"WebPage\",\"@id\":\"https:\/\/ellepi-informatica.it\/index.php\/centralino-virtuale\/\",\"url\":\"https:\/\/ellepi-informatica.it\/index.php\/centralino-virtuale\/\",\"name\":\"CENTRALINO VIRTUALE - ELLEPI INFORMATICA - IL TUO PARTNER INFORMATICO\",\"isPartOf\":{\"@id\":\"https:\/\/ellepi-informatica.it\/#website\"},\"datePublished\":\"2026-02-13T15:14:56+00:00\",\"dateModified\":\"2026-02-13T15:17:15+00:00\",\"breadcrumb\":{\"@id\":\"https:\/\/ellepi-informatica.it\/index.php\/centralino-virtuale\/#breadcrumb\"},\"inLanguage\":\"it-IT\",\"potentialAction\":[{\"@type\":\"ReadAction\",\"target\":[\"https:\/\/ellepi-informatica.it\/index.php\/centralino-virtuale\/\"]}]},{\"@type\":\"BreadcrumbList\",\"@id\":\"https:\/\/ellepi-informatica.it\/index.php\/centralino-virtuale\/#breadcrumb\",\"itemListElement\":[{\"@type\":\"ListItem\",\"position\":1,\"name\":\"Home\",\"item\":\"https:\/\/ellepi-informatica.it\/\"},{\"@type\":\"ListItem\",\"position\":2,\"name\":\"CENTRALINO VIRTUALE\"}]},{\"@type\":\"WebSite\",\"@id\":\"https:\/\/ellepi-informatica.it\/#website\",\"url\":\"https:\/\/ellepi-informatica.it\/\",\"name\":\"ELLEPI INFORMATICA - IL TUO PARTNER INFORMATICO\",\"description\":\"\",\"publisher\":{\"@id\":\"https:\/\/ellepi-informatica.it\/#organization\"},\"potentialAction\":[{\"@type\":\"SearchAction\",\"target\":{\"@type\":\"EntryPoint\",\"urlTemplate\":\"https:\/\/ellepi-informatica.it\/?s={search_term_string}\"},\"query-input\":{\"@type\":\"PropertyValueSpecification\",\"valueRequired\":true,\"valueName\":\"search_term_string\"}}],\"inLanguage\":\"it-IT\"},{\"@type\":\"Organization\",\"@id\":\"https:\/\/ellepi-informatica.it\/#organization\",\"name\":\"ELLEPI INFORMATICA - IL TUO PARTNER INFORMATICO\",\"url\":\"https:\/\/ellepi-informatica.it\/\",\"logo\":{\"@type\":\"ImageObject\",\"inLanguage\":\"it-IT\",\"@id\":\"https:\/\/ellepi-informatica.it\/#\/schema\/logo\/image\/\",\"url\":\"https:\/\/ellepi-informatica.it\/wp-content\/uploads\/2026\/01\/cropped-logo-1-1.png\",\"contentUrl\":\"https:\/\/ellepi-informatica.it\/wp-content\/uploads\/2026\/01\/cropped-logo-1-1.png\",\"width\":198,\"height\":73,\"caption\":\"ELLEPI INFORMATICA - IL TUO PARTNER INFORMATICO\"},\"image\":{\"@id\":\"https:\/\/ellepi-informatica.it\/#\/schema\/logo\/image\/\"}}]}<\/script>\n<!-- \/ Yoast SEO plugin. -->","yoast_head_json":{"title":"CENTRALINO VIRTUALE - ELLEPI INFORMATICA - IL TUO PARTNER INFORMATICO","robots":{"index":"index","follow":"follow","max-snippet":"max-snippet:-1","max-image-preview":"max-image-preview:large","max-video-preview":"max-video-preview:-1"},"canonical":"https:\/\/ellepi-informatica.it\/index.php\/centralino-virtuale\/","og_locale":"it_IT","og_type":"article","og_title":"CENTRALINO VIRTUALE - ELLEPI INFORMATICA - IL TUO PARTNER INFORMATICO","og_description":"La tecnologia cloud che rivoluziona il tuo lavoro La tecnologia cloud utilizza la connessione internet per funzionare e ti permette di aumentare considerevolmente la flessibilit\u00e0 del tuo lavoro.Non sei pi\u00f9 vincolato alle linee tradizionali n\u00e9 ad un sistema telefonico che ti costringe a lavorare esclusivamente dalla tua sede.Grazie al nostro centralino cloud, infatti, i tuoi [&hellip;]","og_url":"https:\/\/ellepi-informatica.it\/index.php\/centralino-virtuale\/","og_site_name":"ELLEPI INFORMATICA - IL TUO PARTNER INFORMATICO","article_modified_time":"2026-02-13T15:17:15+00:00","twitter_card":"summary_large_image","twitter_misc":{"Tempo di lettura stimato":"1 minuto"},"schema":{"@context":"https:\/\/schema.org","@graph":[{"@type":"WebPage","@id":"https:\/\/ellepi-informatica.it\/index.php\/centralino-virtuale\/","url":"https:\/\/ellepi-informatica.it\/index.php\/centralino-virtuale\/","name":"CENTRALINO VIRTUALE - ELLEPI INFORMATICA - IL TUO PARTNER INFORMATICO","isPartOf":{"@id":"https:\/\/ellepi-informatica.it\/#website"},"datePublished":"2026-02-13T15:14:56+00:00","dateModified":"2026-02-13T15:17:15+00:00","breadcrumb":{"@id":"https:\/\/ellepi-informatica.it\/index.php\/centralino-virtuale\/#breadcrumb"},"inLanguage":"it-IT","potentialAction":[{"@type":"ReadAction","target":["https:\/\/ellepi-informatica.it\/index.php\/centralino-virtuale\/"]}]},{"@type":"BreadcrumbList","@id":"https:\/\/ellepi-informatica.it\/index.php\/centralino-virtuale\/#breadcrumb","itemListElement":[{"@type":"ListItem","position":1,"name":"Home","item":"https:\/\/ellepi-informatica.it\/"},{"@type":"ListItem","position":2,"name":"CENTRALINO VIRTUALE"}]},{"@type":"WebSite","@id":"https:\/\/ellepi-informatica.it\/#website","url":"https:\/\/ellepi-informatica.it\/","name":"ELLEPI INFORMATICA - IL TUO PARTNER INFORMATICO","description":"","publisher":{"@id":"https:\/\/ellepi-informatica.it\/#organization"},"potentialAction":[{"@type":"SearchAction","target":{"@type":"EntryPoint","urlTemplate":"https:\/\/ellepi-informatica.it\/?s={search_term_string}"},"query-input":{"@type":"PropertyValueSpecification","valueRequired":true,"valueName":"search_term_string"}}],"inLanguage":"it-IT"},{"@type":"Organization","@id":"https:\/\/ellepi-informatica.it\/#organization","name":"ELLEPI INFORMATICA - IL TUO PARTNER INFORMATICO","url":"https:\/\/ellepi-informatica.it\/","logo":{"@type":"ImageObject","inLanguage":"it-IT","@id":"https:\/\/ellepi-informatica.it\/#\/schema\/logo\/image\/","url":"https:\/\/ellepi-informatica.it\/wp-content\/uploads\/2026\/01\/cropped-logo-1-1.png","contentUrl":"https:\/\/ellepi-informatica.it\/wp-content\/uploads\/2026\/01\/cropped-logo-1-1.png","width":198,"height":73,"caption":"ELLEPI INFORMATICA - IL TUO PARTNER INFORMATICO"},"image":{"@id":"https:\/\/ellepi-informatica.it\/#\/schema\/logo\/image\/"}}]}},"jetpack_sharing_enabled":true,"_links":{"self":[{"href":"https:\/\/ellepi-informatica.it\/index.php\/wp-json\/wp\/v2\/pages\/199","targetHints":{"allow":["GET"]}}],"collection":[{"href":"https:\/\/ellepi-informatica.it\/index.php\/wp-json\/wp\/v2\/pages"}],"about":[{"href":"https:\/\/ellepi-informatica.it\/index.php\/wp-json\/wp\/v2\/types\/page"}],"author":[{"embeddable":true,"href":"https:\/\/ellepi-informatica.it\/index.php\/wp-json\/wp\/v2\/users\/1"}],"replies":[{"embeddable":true,"href":"https:\/\/ellepi-informatica.it\/index.php\/wp-json\/wp\/v2\/comments?post=199"}],"version-history":[{"count":7,"href":"https:\/\/ellepi-informatica.it\/index.php\/wp-json\/wp\/v2\/pages\/199\/revisions"}],"predecessor-version":[{"id":208,"href":"https:\/\/ellepi-informatica.it\/index.php\/wp-json\/wp\/v2\/pages\/199\/revisions\/208"}],"wp:attachment":[{"href":"https:\/\/ellepi-informatica.it\/index.php\/wp-json\/wp\/v2\/media?parent=199"}],"curies":[{"name":"wp","href":"https:\/\/api.w.org\/{rel}","templated":true}]}}